 factors of 171605215?
5, 563, 60961
What are the prime factors of 193409220?
2, 3, 5, 853, 3779
List the prime factors of 1865890282.
2, 277, 1109, 3037
What are the prime factors of 124439313?
3, 1697, 24443
What are the prime factors of 22714085?
5, 4542817
List the prime factors of 886067537.
29, 30554053
List the prime factors of 29169564.
2, 3, 683, 3559
What are the prime factors of 139009579?
227, 612377
List the prime factors of 815896454.
2, 4673, 87299
List the prime factors of 1197365996.
2, 299341499
What are the prime factors of 69181961?
3697, 18713
List the prime factors of 1625674159.
3797, 428147
List the prime factors of 58146455.
5, 277, 41983
What are the prime factors of 75248354?
2, 877, 42901
List the prime factors of 432181532.
2, 108045383
List the prime factors of 547172333.
547172333
List the prime factors of 80818114.
2, 13, 751, 4139
List the prime factors of 1231275535.
5, 7, 83, 423847
List the prime factors of 107688647.
11, 9789877
What are the prime factors of 307933499?
23, 37, 233, 1553
List the prime factors of 827814251.
11, 29, 2595029
What are the prime factors of 16536820?
2, 5, 577, 1433
What are the prime factors of 39915982?
2, 827, 24133
List the prime factors of 17341693.
59, 173, 1699
List the prime factors of 662955795.
3, 5, 23, 547, 1171
List the prime factors of 1715170588.
2, 149, 2877803
What are the prime factors of 924804320?
2, 5, 11, 525457
List the prime factors of 361579670.
2, 5, 883, 40949
List the prime factors of 529885572.
2, 3, 44157131
What are the prime factors of 198911015?
5, 23, 409, 4229
List the prime factors of 37462204.
2, 13, 37, 19471
List the prime factors of 111633068.
2, 27908267
List the prime factors of 45873341.
45873341
What are the prime factors of 437677049?
437677049
What are the prime factors of 539936041?
4327, 124783
List the prime factors of 208673369.
31, 1031, 6529
List the prime factors of 56558973.
3, 31, 608161
List the prime factors of 1173421970.
2, 5, 7, 71, 179, 1319
What are the prime factors of 426686164?
2, 29, 1783, 2063
What are the prime factors of 16256176?
2, 1016011
What are the prime factors of 1123624051?
11, 102147641
List the prime factors of 293349148.
2, 263, 278849
List the prime factors of 374794203.
3, 7, 269, 66347
What are the prime factors of 2682833446?
2, 421, 3186263
What are the prime factors of 224553638?
2, 41, 2738459
List the prime factors of 22563675.
3, 5, 17, 347
What are the prime factors of 169748507?
169748507
What are the prime factors of 378784766?
2, 103, 1838761
What are the prime factors of 31440509?
47, 668947
List the prime factors of 736815936.
2, 3, 31, 79, 1567
What are the prime factors of 240890591?
240890591
What are the prime factors of 555512093?
193, 229, 12569
What are the prime factors of 263952609?
3, 127, 692789
List the prime factors of 4206879509.
7, 19, 31630673
What are the prime factors of 219423203?
8963, 24481
What are the prime factors of 949431937?
83, 11438939
List the prime factors of 218141485.
5, 3697, 11801
What are the prime factors of 497776662?
2, 3, 2203, 12553
What are the prime factors of 587880924?
2, 3, 29, 811, 2083
List the prime factors of 40393043.
40393043
What are the prime factors of 3069047345?
5, 7, 13, 6745159
List the prime factors of 15816285.
3, 5, 131, 2683
What are the prime factors of 376495249?
13, 28961173
List the prime factors of 6634647505.
5, 23, 57692587
List the prime factors of 55899536.
2, 7, 11, 17, 157
What are the prime factors of 4804844?
2, 11, 109201
List the prime factors of 135121006.
2, 5107, 13229
List the prime factors of 902711940.
2, 3, 5, 13, 31, 37, 1009
List the prime factors of 20635115.
5, 47, 277, 317
What are the prime factors of 1141063210?
2, 5, 7, 41, 151, 2633
List the prime factors of 2865474.
2, 3, 159193
List the prime factors of 19942709.
19942709
What are the prime factors of 81327486?
2, 3, 19, 713399
List the prime factors of 75032003.
23, 109, 173
What are the prime factors of 52982984?
2, 23, 101, 2851
What are the prime factors of 5432265211?
5432265211
What are the prime factors of 126960393?
3, 7, 197, 30689
What are the prime factors of 407465440?
2, 5, 2546659
What are the prime factors of 12673217?
2663, 4759
What are the prime factors of 93953231?
643, 146117
List the prime factors of 636497329.
13, 179, 273527
What are the prime factors of 28955187?
3, 3217243
What are the prime factors of 76630834?
2, 7, 5473631
List the prime factors of 688472398.
2, 43, 8005493
What are the prime factors of 20621892?
2, 3, 23, 74717
What are the prime factors of 47913763?
19, 1259, 2003
What are the prime factors of 1973953996?
2, 7, 37, 1905361
List the prime factors of 895132519.
895132519
What are the prime factors of 83057864?
2, 10382233
What are the prime factors of 71052293?
13, 5465561
What are the prime factors of 17771516?
2, 7, 12953
What are the prime factors of 5484099?
3, 251, 7283
List the prime factors of 62236986.
2, 3, 7, 163, 9091
List the prime factors of 572550348.
2, 3, 643, 74203
What are the prime factors of 22355030?
2, 5, 31, 37, 1949
List the prime factors of 605901935.
5, 4153, 29179
What are the prime factors of 13749674?
2, 6874837
What are the prime factors of 481997680?
2, 5, 1213, 4967
What are the prime factors of 12520087?
1987, 6301
What are the prime factors of 491216162?
2, 41, 5990441
List the prime factors of 54377307.
3, 233, 25931
List the prime factors of 2931917390.
2, 5, 1103, 265813
What are the prime factors of 919237827?
3, 73, 1217, 3449
List the prime factors of 550427059.
7, 13, 37, 163477
What are the prime factors of 4571922037?
23, 73, 2723003
What are the prime factors of 446018605?
5, 89, 1002289
List the prime factors of 1019910065.
5, 203982013
List the prime factors of 831923993.
191, 4355623
What are the prime factors of 642993986?
2, 53, 229, 26489
List the prime factors of 31464061.
31464061
What are the prime factors of 705463512?
2, 3, 13, 29, 77969
List the prime factors of 170861087.
1303, 131129
What are the prime factors of 6432102827?
6432102827
What are the prime factors of 392392796?
2, 41, 181, 13219
What are the prime factors of 37656372?
2, 3, 13, 199, 1213
What are the prime factors of 1526952670?
2, 5, 19, 1367, 5879
List the prime factors of 700681250.
2, 5, 71, 1579
List the prime factors of 17597777.
17597777
What are the prime factors of 1421249187?
3, 61, 7766389
What are the prime factors of 3482392?
2, 67, 73, 89
List the prime factors of 89835490.
2, 5, 8983549
What are the prime factors of 181583628?
2, 3, 653, 23173
What are the prime factors of 29206944?
2, 3, 13, 29, 269
List the prime factors of 11534647.
11534647
What are the prime factors of 675782545?
5, 223, 606083
What are the prime factors of 90898281?
3, 89, 467
What are the prime factors of 96722438?
2, 127, 380797
What are the prime factors of 303971652?
2, 3, 19, 444403
List the prime factors of 2236428266.
2, 1118214133
What are the prime factors of 86841630?
2, 3, 5, 113, 8539
List the prime factors of 88537860.
2, 3, 5, 31, 41, 43
List the prime factors of 88969310.
2, 5, 8896931
What are the prime factors of 931301841?
3, 739, 420073
What are the prime factors of 12493661?
2857, 4373
What are the prime factors of 22017851?
22017851
List the prime factors of 109502957.
619, 176903
List the prime factors of 1438806373.
17, 547, 154727
What are the prime factors of 209226119?
19, 179, 61519
List the prime factors of 2412090011.
331, 7287281
What are the prime factors of 594381089?
367, 811, 1997
List the prime factors of 29469090.
2, 3, 5, 7, 20047
What are the prime factors of 38394106?
2, 487, 39419
List the prime factors of 286145881.
7, 199, 205417
What are the prime factors of 2179136676?
2, 3, 19, 29, 67, 4919
What are the prime factors of 848139472?
2, 3163, 16759
List the prime factors of 1209722312.
2, 17, 59, 107, 1409
What are the prime factors of 350534314?
2, 13, 197, 68437
What are the prime factors of 2211519243?
3, 59, 1511, 8269
What are the prime factors of 2499188169?
3, 41, 127, 139, 1151
What are the prime factors of 36407924?
2, 7, 1300283
List the prime factors of 57349053.
3, 227, 3119
List the prime factors of 1154421003.
3, 47, 307, 26669
